 + 9. Let s be g(6). What is the highest common factor of 19 and s?
19
Let y be 4 - (-1 + 0)*25. Let x = 52 - y. Let w(v) = -184*v**3 - v**2 + 1. Let o be w(-1). What is the greatest common factor of o and x?
23
Let w be (0 - -1)/(1/21). Let i(t) = t + 7. Let y be i(0). Calculate the highest common divisor of y and w.
7
Let h be (-1 + 2)*(12 + 354). Suppose -5*w + 3*z = -h, 38 = w + 4*z - 26. What is the highest common divisor of 9 and w?
9
Let q(l) = -l**3 + 6*l**2 + 3*l + 2. Let y be q(-4). Let w = 15 - -6. Suppose 5*x - w = 54. What is the highest common divisor of y and x?
15
Suppose 0 = 4*u - 45 - 7. Suppose 0 = -5*d + 150 + 45. What is the greatest common factor of d and u?
13
Let h be 0 - 0/(1*2). Let l be 9 + (h - (2 + -1)). Let d = 1396 + -1376. Calculate the greatest common factor of l and d.
4
Suppose -93 = -0*j - 2*j - 5*x, 4*j - 4*x - 172 = 0. What is the highest common divisor of 33 and j?
11
Let f = 55 + -50. What is the highest common divisor of f and 5?
5
Let h be ((-2)/5)/((-1)/5). Let x be ((-22)/(-55))/(6/75). What is the greatest common factor of h and x?
1
Let u be (-2)/13 - 4380/(-78). Calculate the greatest common divisor of 7 and u.
7
Suppose 2*g = -0*g. Let w = g - -2. Suppose -w*s = -0*s - 2. Calculate the greatest common factor of 2 and s.
1
Suppose -5*f + 5*p = 3*p - 66, 4*p + 6 = f. Calculate the greatest common divisor of 56 and f.
14
Let p be 5/2*7*-2. Let g be 10/14 + (-10)/p. What is the highest common divisor of 5 and g?
1
Suppose 8*w - 15*w = -385. Calculate the greatest common factor of w and 11.
11
Suppose 7*q = 11*q - 544. Calculate the greatest common divisor of q and 17.
17
Suppose 4*k - 116 + 64 = 0. What is the greatest common factor of k and 117?
13
Let z(g) = -g + 2. Suppose -4*c - c = 0. Let b be z(c). Suppose -109 - 45 = -b*d. Calculate the greatest common factor of d and 7.
7
Let i = -413 - -662. Let c be ((-3)/(-2))/((-1)/110). Let r = c + i. Calculate the highest common factor of 21 and r.
21
Let l(h) = h - 15. Let w(t) = 1. Let f(j) = -l(j) - 6*w(j). Let q be f(0). Calculate the greatest common divisor of q and 9.
9
Let c(u) = u**3 + 7*u**2 + 5*u + 9. Let o be -6 - (3 - 6) - 3. Let b be c(o). Calculate the greatest common factor of 6 and b.
3
Let c(r) = 13*r**2 + 2*r + 4. Let i be c(6). Suppose 0 = -3*l + i - 184. What is the greatest common factor of l and 10?
10
Let r be 24*(-2)/3*(-42)/4. Calculate the greatest common divisor of r and 24.
24
Let n = 6 + 6. Suppose 2*b - 768 = -6*b. What is the greatest common divisor of n and b?
12
Suppose -5*o + 4*s = -127, -5*o + s + 96 = -22. Calculate the greatest common divisor of 253 and o.
23
Suppose -30 = -4*o + 18. Let u be (-1 - -3)/4*o. Suppose 13 = q - 11. What is the highest common divisor of u and q?
6
Let c be 230/8 + 2/8. Let i be 0 + c + (5 - 6). What is the highest common divisor of i and 70?
14
Let u(s) = s + 9. Let y = -2 - 6. Let j be u(y). What is the greatest common divisor of j and 2?
1
Let l(d) be the third derivative of -d**4/24 + 13*d**3/6 - 3*d**2. Let s be l(7). Let f = 4 + s. What is the highest common divisor of f and 50?
10
Let k(v) = 3*v**2 - 6*v - 9. Let m be k(11). Calculate the greatest common factor of m and 32.
32
Let o(q) = -2*q**2 + 2*q. Let m be o(2). Let t be (-176)/(-28) + m/14. What is the highest common factor of 48 and t?
6
Suppose -1 + 86 = 5*p + 5*f, 2*p + f = 30. What is the highest common divisor of 52 and p?
13
Suppose 0*x - 6 = -x. Suppose -20 = -y + 3*y. Let i be (-50)/(-6) - y/15. Calculate the greatest common factor of i and x.
3
Suppose -4*i + 30 = -22. What is the highest common factor of i and 104?
13
Let m(w) = -3*w**3 - 4*w**2 - w - 3. Let v be m(-3). Calculate the greatest common factor of 27 and v.
9
Suppose -10*x = -6*x - 76. What is the highest common factor of x and 19?
19
Let z(i) = 21*i**2 + i - 5. Let m be z(3). What is the highest common divisor of m and 17?
17
Suppose 2*v - 7*v = -165. Calculate the greatest common factor of v and 3.
3
Suppose -5*l - 2 = -6*l. Let s(b) = b + 1. Let z be s(0). Calculate the highest common factor of z and l.
1
Let q(x) = x**3 + 10*x**2 + 5*x + 8. Let b = -1 + -8. Let l be q(b). Calculate the greatest common factor of l and 4.
4
Let f = -30 + 54. Suppose -r = 3, -5*x + 1 = 4*r - r. Let k be (-20)/(10/6 - x). Calculate the greatest common divisor of f and k.
12
Let j(c) = 3*c. Let u be j(1). Let x = u - -2. Let g be 27/5 - (-4)/(-10). What is the highest common divisor of g and x?
5
Suppose n = -3*n - 720. Let p = -117 - n. What is the greatest common factor of 9 and p?
9
Let a(h) = -h**2 - 3*h - 11. Let n(w) = w**2 + 2*w + 12. Let c(d) = -4*a(d) - 3*n(d). Let j be c(-6). Calculate the greatest common divisor of 4 and j.
4
Suppose -5*f - 3*f = -192. Let h be ((-12)/(-5))/((-3)/(-10)). What is the greatest common factor of h and f?
8
Let r be 200/16 - (-2)/4. Let q be 9/12 + 404/16. What is the greatest common divisor of r and q?
13
Let q(y) = -y**2 + 12*y + 8. Let g be q(6). What is the highest common divisor of 11 and g?
11
Let p = 7 - 3. Let x = -10 + 9. Let f be (-36)/48*(-17 - x). Calculate the greatest common divisor of p and f.
4
Let d(o) = 3*o**2 + 2*o + 7. Let w be d(-5). Let h(u) = -u**3 - 8*u**2 - 8*u + 2. Let r be h(-7). Calculate the greatest common factor of r and w.
9
Suppose 0 = -0*t + 3*t + 18. Let d = t + 9. Calculate the highest common divisor of 12 and d.
3
Suppose -5*k + 435 = -2*k. Suppose -3*a + 20 + k = 0. What is the greatest common factor of 5 and a?
5
Let q = -38 + 101. What is the highest common factor of q and 9?
9
Let c(m) = 7*m. Let k be c(-1). Let g = 3 + k. Let a be (-110)/(-25) - g/(-10). What is the highest common factor of 20 and a?
4
Suppose 4 = -2*p + 24. Suppose -12 = -f + 2*j, 0 = -0*j - 2*j - p. What is the greatest common divisor of f and 14?
2
Let d(x) = -x**2 + 6*x**2 - 2 - x + 1. Let z be d(-2). Let w = 29 - z. What is the greatest common divisor of 4 and w?
4
Let l(d) = 5*d + 1. Let s be l(10). Calculate the highest common factor of 3 and s.
3
Suppose -270*q = -273*q + 24. Let d(v) = 2*v**2 - v - 1. Let u be d(-1). Calculate the highest common factor of u and q.
2
Let d be 2 - -2*(-9)/(-6). Suppose 2*w - 111 + 9 = 0. Suppose -5*y + 0*y + w = -3*x, -4*x - 53 = -d*y. What is the highest common divisor of y and 1?
1
Suppose 2*a - 5*a + 36 = 0. Calculate the greatest common factor of a and 84.
12
Suppose 3*u - 1 = 5*m - 8, -5*m = 5*u + 25. Let g be m/(-5) + (-218)/(-10). Calculate the highest common factor of g and 55.
11
Suppose -4*b - w + 130 = -74, b + w = 54. What is the highest common divisor of b and 20?
10
Let r(c) = -c**2 - 13*c - 8. Let q be r(-5). Calculate the greatest common divisor of q and 80.
16
Suppose -5*z = 4*t - 9*t - 5, -2*t - 4*z + 28 = 0. Suppose t*m - 4*u = 5*m - 2, -3*u = -5*m + 10. What is the highest common divisor of 10 and m?
2
Let v(p) = -13*p**3. Let u be v(-1). Let x = u - 8. Calculate the greatest common divisor of 15 and x.
5
Let a(z) = z**3 - 11*z**2 + 11*z. Let u be a(10). Suppose 29 = 5*i + 9. Suppose -5*o - u = -i*x - 5, -5 = -x. Calculate the greatest common divisor of o and 24.
3
Suppose 4*p = -0*p + 92. What is the highest common factor of 184 and p?
23
Let x = 11 - 11. Suppose x*w - w = -23. Calculate the highest common divisor of 23 and w.
23
Let x = 33 + -21. What is the greatest common factor of x and 36?
12
Let z(m) = m**3 - 3*m**2 - 3*m. Let o be 7/2 - (-2)/4. Let w be z(o). Suppose w*k - 2*k = 28. What is the highest common factor of 2 and k?
2
Let d = -334 - -469. Calculate the highest common factor of 15 and d.
15
Suppose 2*j + 3*j = 540. What is the greatest common factor of 12 and j?
12
Suppose -48*b = -45*b - 18. Let c be (6/9)/(2/36). What is the greatest common divisor of c and b?
6
Let g be 2 + 3*(-2)/3. Suppose 4*k - 151 - 25 = g. What is the greatest common factor of 4 and k?
4
Suppose -4*f + 5*f + v - 18 = 0, -3*v = 4*f - 67. What is the greatest common factor of 117 and f?
13
Let i be (860/15)/((-10)/(-15)). Calculate the greatest common factor of i and 43.
43
Let z(r) = -r. Let f be z(0). Let n be -1*(1 + f + -1). Let a be 8*1 + n - -1. What is the highest common divisor of a and 9?
9
Let t be 1/(2415/(-605) - -4). Calculate the greatest common divisor of